 a composite number?
True
Is 188702065 a composite number?
True
Is 169607 a composite number?
False
Is 17054993 a composite number?
True
Is 2640697 a composite number?
True
Is 5619281 a composite number?
False
Is 40010939 a prime number?
True
Is 843587 a prime number?
True
Is 19007693 a prime number?
False
Is 7417549 a composite number?
False
Is 84799697 prime?
False
Is 51283607 a prime number?
True
Is 5592407 prime?
True
Is 15254177 prime?
True
Is 4806503 composite?
True
Is 99433 prime?
False
Is 318297407 a composite number?
False
Is 256151803 a composite number?
True
Is 266791 a composite number?
True
Is 2186923 a prime number?
False
Is 864209 composite?
True
Is 2910319 composite?
False
Is 1208593 a composite number?
True
Is 140709719 a composite number?
False
Is 29443241 prime?
True
Is 1085891 composite?
False
Is 500051 composite?
True
Is 22891621 a composite number?
False
Is 243456649 prime?
True
Is 1226609 prime?
True
Is 31931741 a composite number?
False
Is 79060649 composite?
True
Is 64293641 a composite number?
True
Is 20041079 composite?
True
Is 9308387 composite?
True
Is 22737017 prime?
True
Is 610697 prime?
False
Is 30904579 a prime number?
True
Is 2461703 prime?
True
Is 5365421 prime?
False
Is 26853361 prime?
False
Is 32232199 composite?
False
Is 190374739 a composite number?
False
Is 440833 a prime number?
False
Is 2243741 prime?
True
Is 17876869 a composite number?
True
Is 21615491 a prime number?
False
Is 36161719 a composite number?
True
Is 30148973 a prime number?
False
Is 27114889 composite?
False
Is 56557729 prime?
True
Is 19227137 a prime number?
True
Is 112693553 a prime number?
False
Is 63913513 composite?
False
Is 1377840845 prime?
False
Is 1006051 prime?
False
Is 128612807 a composite number?
False
Is 3210167 prime?
True
Is 10014101 prime?
False
Is 3255739 prime?
True
Is 577471 prime?
True
Is 39463169 a composite number?
False
Is 233799 composite?
True
Is 15896999 a composite number?
False
Is 74906567 a composite number?
False
Is 3816578 a composite number?
True
Is 1060673 a composite number?
False
Is 26749399 a prime number?
False
Is 5782853 a prime number?
True
Is 2019493 a composite number?
True
Is 221609215 a composite number?
True
Is 2096803 a prime number?
False
Is 2243851 composite?
False
Is 350296031 a prime number?
False
Is 1085309 a composite number?
False
Is 15319963 prime?
True
Is 7622053 a prime number?
True
Is 276239 prime?
True
Is 107522245 a prime number?
False
Is 518053 a composite number?
True
Is 330107 composite?
True
Is 208532561 a prime number?
False
Is 10849217 a composite number?
False
Is 1019173 a composite number?
False
Is 9527627 a prime number?
True
Is 64631253 a prime number?
False
Is 159853471 a prime number?
False
Is 3677417 a prime number?
False
Is 194999989 composite?
False
Is 1505527 a composite number?
True
Is 145500029 a composite number?
False
Is 715020557 composite?
False
Is 91079 a prime number?
True
Is 114972197 a prime number?
True
Is 10938833 a prime number?
False
Is 16731203 composite?
False
Is 1921471 a composite number?
True
Is 1701607 a prime number?
True
Is 606898307 a composite number?
True
Is 218252263 prime?
True
Is 333197 prime?
True
Is 7803283 prime?
True
Is 8381983 a composite number?
True
Is 7637599 a prime number?
True
Is 62906559 a prime number?
False
Is 88444465 prime?
False
Is 71872453 composite?
False
Is 194898367 prime?
True
Is 92191877 composite?
False
Is 1059503 a prime number?
True
Is 3750079 composite?
False
Is 370000021 a composite number?
False
Is 11489801 a prime number?
False
Is 3076013 a prime number?
True
Is 6009677 composite?
False
Is 5269841 a prime number?
True
Is 1751287 a prime number?
False
Is 110352143 composite?
True
Is 281714857 composite?
False
Is 90647259 a composite number?
True
Is 8979931 composite?
True
Is 52361 composite?
False
Is 137136241 a composite number?
True
Is 37612829 a prime number?
False
Is 3173789 composite?
True
Is 24077381 composite?
False
Is 999883 a prime number?
True
Is 745903 composite?
False
Is 2916029 prime?
False
Is 156511 prime?
True
Is 24326321 composite?
False
Is 4610987 a prime number?
True
Is 5908121 composite?
False
Is 237477481 composite?
True
Is 12565603 a composite number?
False
Is 1870619 a prime number?
True
Is 1123679203 prime?
True
Is 5522971 a composite number?
True
Is 383763245 prime?
False
Is 2783353 a prime number?
True
Is 3411137 a prime number?
True
Is 5002051 a prime number?
True
Is 68332087 a composite number?
True
Is 15792979 a composite number?
False
Is 22787851 a composite number?
False
Is 9296603 a composite number?
True
Is 27597277 composite?
False
Is 10099933 a prime number?
True
Is 56059607 a composite number?
False
Is 8898109 prime?
False
Is 3150019 a composite number?
True
Is 174412573 a prime number?
True
Is 47560777 a composite number?
True
Is 205184851 a composite number?
True
Is 1166359 a composite number?
False
Is 39174449 a prime number?
True
Is 96440213 a composite number?
True
Is 754257007 a composite number?
True
Is 10230467 a composite number?
True
Is 12049783 a prime number?
True
Is 7653731 a prime number?
False
Is 61707767 a prime number?
False
Is 36259921 composite?
True
Is 202549 composite?
False
Is 287743 a composite number?
True
Is 11747497 a composite number?
False
Is 13683937 prime?
True
Is 14639981 composite?
True
Is 17745389 a prime number?
True
Is 21714127 prime?
False
Is 6375931 a prime number?
True
Is 60007 composite?
True
Is 13347967 composite?
False
Is 11010319 a composite number?
True
Is 427333034 a composite number?
True
Is 11688203 composite?
False
Is 3024521 prime?
False
Is 6061521 prime?
False
Is 1204363 prime?
True
Is 472631 a prime number?
True
Is 41829481 a composite number?
False
Is 2934601 composite?
True
Is 1678609373 composite?
True
Is 8389609 composite?
True
Is 7034749 a composite number?
False
Is 31854611 a composite number?
False
Is 12730813 a prime number?
False
Is 33387043 a prime number?
True
Is 1064731 a prime number?
True
Is 75468685 a prime number?
False
Is 393935939 a composite number?
True
Is 5347403 prime?
True
Is 184992649 prime?
True
Is 420079391 a prime number?
True
Is 82812361 prime?
True
Is 299987 prime?
False
Is 76061143 composite?
False
Is 121361 prime?
False
Is 8588823 a composite number?
True
Is 80202671 a composite number?
False
Is 49659851 composite?
False
Is 28898029 composite?
False
Is 7076603 a composite number?
False
Is 117121 composite?
True
Is 82835087 composite?
True
Is 2796289 a prime number?
False
Is 93066403 composite?
True
Is 30318637 a prime number?
True
Is 2848949 a composite number?
False
Is 24885061 a prime number?
True
Is 59966519 a prime number?
False
Is 125167747 a composite number?
False
Is 41692969 a composite number?
True
Is 426269269 prime?
True
Is 40113373 a composite number?
False
Is 3228733 prime?
True
Is 28731893 composite?
False
Is 461385697 a composite number?
False
Is 406537049 a prime number?
False
Is 83248897 a prime number?
True
Is 30531913 a composite number?
False
Is 127706 a composite number?
True
Is 26974769 prime?
True
Is 15657557 a prime number?
True
Is 60102299 prime?
True
Is 377657 a composite number?
True
Is 2364433 a prime number?
True
Is 11593489 composite?
True
Is 1699891 prime?
False
Is 171499 a prime number?
False
Is 94202081 composite?
True
Is 44337 a prime number?
False
Is 1372031 prime?
False
Is 12301909 composite?
True
Is 30157991 a prime number?
False
Is 11220931 a prime number?
True
Is 53546711 composite?
False
Is 216971879 composite?
False
Is 11573519 a prime number?
True
Is 28159597 a composite number?
False
Is 197123239 a composite number?
False
Is 332746247 prime?
True
Is 1615717 prime?
True
Is 8607959 prime?
False
Is 194760409 prime?
True
Is 11021021 a prime number?
False
Is 12770551 prime?
True
Is 282768413 a composite number?
True
Is 168981353 a prime number?
True
Is 46220123 a prime number?
True
Is 71411897 a prime number?
False
Is 1158071 prime?
True
Is 3967669 a composite number?
False
Is 60750143 prime?
True
Is 59306987 a composite number?
True
Is 27668941 prime?
True
Is 69988423 prime?
False
Is 1231711 prime?
False
Is 4407527 a prime number?
False
Is 17819957 composite?
True
Is 1143923 prime?
False
Is 6308359 prime?
False
Is 2473907 a composite number?
False
Is